 -b(g) - 2*n(g). Calculate d(5).
-31
Let i = 507 - 501. Let l(q) = -q**3 + 6*q**2 - q + 2. Determine l(i).
-4
Let c(g) = -4*g**3 - g - 1. Let a be -1*(2 - 4) - 6/3. Suppose -5*n = -f + 19, a*f - n = -f + 3. What is c(f)?
4
Let w = -11 + 11. Let d(g) = 703*g - 4 - 357*g - 347*g. Determine d(w).
-4
Let a(j) = -2*j**3 - j. Let r be a(2). Let y(i) = i + 22. Let t be y(r). Let o(c) = -c**3 + 3*c**2 + 3*c - 1. What is o(t)?
-5
Let d(i) = 5 + 2*i - 2*i**2 - 5 + 2. Let v be d(2). Let k(j) = -50 + j - 48 - 44 + 144. Calculate k(v).
0
Let y(x) = x**3 - x**2 + x - 8. Let s be y(0). Let m be (-4)/14 - (-138)/42. Let u(d) = 4*d - m*d - 1 + 5. Determine u(s).
-4
Suppose 3*x = 3*c - 18, c + 5 = -3*x + 11. Let j(y) = 3*y**2 - y**2 + 7*y**3 - c*y**3 - 3*y**2 + 6. Give j(0).
6
Let u(j) = j**2 + 10*j - 1. Let s be u(-10). Suppose 5*i + 7 + 3 = 5*o, -17 = -o - 4*i. Let l(x) = -o + 4 + 5*x - x. Give l(s).
-5
Let v = -5 - -4. Let u(z) be the first derivative of z**5/20 - z**4/6 + z**2/2 + 5*z + 2. Let a(l) be the first derivative of u(l). What is a(v)?
-2
Suppose 0 = 2*f - 1 + 11. Let u(x) = 16 + 5*x + 23 - 3*x + 23 - 59. What is u(f)?
-7
Let b(v) = -4*v**3 + 10*v**2 - 8*v + 15. Let i(w) = 7*w**3 - 19*w**2 + 16*w - 28. Let z(y) = -5*b(y) - 3*i(y). Suppose 2*u - 4 - 8 = 0. Calculate z(u).
-3
Let g = -253 + 369. Let b = g + -114. Let c(f) = 9*f - 1. Calculate c(b).
17
Let u(j) be the second derivative of j**6/360 + j**5/20 - 13*j**3/3 - 40*j. Let g(x) be the second derivative of u(x). Give g(-6).
0
Let s(a) = -4*a - 112. Let f(r) = -r - 23. Let c(d) = -24*f(d) + 5*s(d). Give c(7).
20
Suppose 119 = -13*u - 11. Let i(g) = -g - 24. Give i(u).
-14
Let h(a) = 1421*a + 6 - a**3 + 14*a**2 - 715*a - 720*a. Determine h(13).
-7
Let x(n) = -5*n + 7. Let d be 122/6 + (-16)/(-24). Suppose -19 = -8*w + d. Determine x(w).
-18
Let z(i) = 8*i - 5. Let j be z(1). Let l(y) be the first derivative of 3/2*y**2 + 2*y - 2 - 1/3*y**3. Calculate l(j).
2
Let l(d) = d**2 + 14*d**2 - d - d - 14*d**2 + d**2. Calculate l(0).
0
Let a(y) = 4*y + 5. Let n(z) = -4*z - 5. Let k(c) = -5*a(c) - 6*n(c). Let b be k(-2). Let l(i) = -i**3 - 2*i**2 + 3*i. Determine l(b).
0
Let h = -77 + 67. Let y(t) = -t**2 - 11*t - 6. What is y(h)?
4
Let m = -83 + 72. Let r(j) = -j**3 - 12*j**2 - 11*j + 6. Give r(m).
6
Suppose 17*r - 15*r - 12 = 0. Suppose -7*z = -r*z. Let b(n) = n**2 + n - 2. Calculate b(z).
-2
Let q(t) = t + 3. Suppose -c = c - 0*c. Suppose 2*y = -4*v + 16, c*v + 2*y + 11 = 5*v. What is q(v)?
6
Let n(d) = 55 + d**3 + 52 - 112 + 0*d**3 + 7*d**2 - d. Give n(-7).
2
Let q = 56 - 54. Let x(l) = -5*l**3 - 3 + 3*l**3 + q*l + l**3 - l - 3*l**2. What is x(-3)?
-6
Let p = 4 + -4. Suppose 11 = o + 5*m, -4*o + p*m = -m - 23. Let c(u) = 244*u + 244*u - u**3 - 7 + 6*u**2 - 486*u. Calculate c(o).
5
Let l = 3 + 0. Let s be 1*(-3 - (-1 - l)). Let f(y) be the third derivative of y**4/12 - y**3/6 + 12*y**2. Calculate f(s).
1
Let w(g) be the third derivative of g**8/5040 - g**7/5040 + g**6/720 - g**5/10 + 9*g**2. Let b(d) be the third derivative of w(d). Determine b(1).
4
Suppose 32 = 4*a + r + 3*r, a + 5*r = 24. Let b(u) be the third derivative of 0*u + 7/24*u**a - u**2 + 0 - 4/3*u**3 - 1/60*u**5. Give b(6).
-2
Let u(d) = -d**3 - 10*d**2 + 13*d + 20. Let q be (1 - 1*-10)/(-38 + 37). What is u(q)?
-2
Let f(p) = p**3 + 14*p**2 + p + 1. Let i(b) = b**3 + 16*b**2 + 1. Let d(c) = -5*f(c) + 4*i(c). Determine d(-5).
-1
Suppose -4*d - 20 + 8 = 0. Let v(z) be the third derivative of -z**6/120 - z**5/15 - z**4/12 - z**3/3 + 575*z**2. What is v(d)?
-5
Suppose 0*n + 2*b + 16 = 5*n, 17 = 4*n - 3*b. Suppose x + 4*x = -3*m + 20, -m - 8 = -2*x. Let v(k) = k - k**n + x*k + 0*k + 10. Determine v(7).
-4
Suppose 221*g - 10 = 211*g. Let w(c) = -c**3 + 1. What is w(g)?
0
Let q(i) = 7*i**2 - i + 1. Let a be 895/20 - (-2)/8. Let n = a - 42. Let j(z) = -6*z**2 + 2*z - 1. Let b(o) = n*q(o) + 2*j(o). What is b(-1)?
9
Let p(y) = 2*y - 7*y**2 + 9*y - 29*y - y**3 - 10 + 11*y + 2*y**2. Determine p(-5).
25
Let a(b) = -b**2 + 11*b + 7. Let p = -332 + 340. Calculate a(p).
31
Let b(k) be the third derivative of -k**8/20160 - k**7/630 - k**6/144 - k**5/5 + 10*k**2. Let d(r) be the third derivative of b(r). Calculate d(-5).
10
Let b(p) = 4*p - 11. Let c = 69 - 67. Determine b(c).
-3
Let h(x) = 6*x**2 - 26*x - 6*x**2 + 25*x - 2*x**2. Let b = 3 - 1. Calculate h(b).
-10
Let b be (-3)/(-2)*-1*2. Suppose 8*y + 6 = 11*y. Let l(m) = -4*m + 24*m**2 + 20*m**2 + 2 - 45*m**y. Calculate l(b).
5
Let f(d) = d**2 - 4*d + 5. Let z(q) = q**2 - q - 8. Let n be z(5). Suppose 0 = -17*l + n*l + 25. Determine f(l).
10
Let a be ((-8)/(13 - 5))/(2/22). Let i(u) = -u**2 - 11*u + 3. Calculate i(a).
3
Let o(a) = -a**2 - 7*a - 3. Let y be o(-7). Let p be 6/(-3) + (-1 + 1)/y. Let w(v) be the first derivative of v**4/4 + 3*v**2/2 + v - 3. Determine w(p).
-13
Let y = -39 + 41. Suppose -11*u - 2 = -y. Let f(d) = -d + 1. Give f(u).
1
Let r(b) be the second derivative of -b**4/2 + b**3/6 + 2*b. Let v be (6/36*2)/(1/3). Give r(v).
-5
Let n(i) = i**3 + 3*i**3 + 1 - 5*i**2 - 3*i**3. Let g be 3 - (1 - -4) - 35/(-5). Give n(g).
1
Let y(d) = 7*d**2 - 2. Let l(v) = -8*v**2 + v + 3. Let m(w) = -6*l(w) - 7*y(w). Determine m(-4).
4
Let i(b) be the first derivative of -5*b + 19 + 1/2*b**2. Determine i(7).
2
Suppose 0*f + 5*f - 4*u = 4, -4 = -4*f + 3*u. Let j(a) = 4*a + 2*a - 3 - a**3 + 7 - f*a**2. What is j(-5)?
-1
Let j(y) be the third derivative of 0*y**4 - 3*y**2 + 0 + 5/6*y**3 + 0*y + 1/120*y**6 - 1/15*y**5. Suppose 5*l - 25 = -5*q, -21 = -5*l - 2*q + 1. What is j(l)?
5
Let j(r) = r**2 + 10*r + 17. Suppose -62 = -3*v - 80. What is j(v)?
-7
Let j(x) = x**2 - 1. Let w(h) = 5*h**2 + 7*h + 4. Let z(l) = 4*j(l) - w(l). Suppose -42*u + 32*u - 60 = 0. What is z(u)?
-2
Let z(c) = -c**3 - c**2 - c. Let q(w) = -3*w**3 - 3*w**2 - w - 1. Let s be q(-2). Let j = 183 - 196. Let m = s + j. Calculate z(m).
0
Let p(k) = 3*k - 7. Let b be p(3). Let d be -6*(3 + (-28)/8). Let t(f) = b*f**3 + 0 - 1 - f**d. What is t(2)?
7
Let j(u) = 3*u + 1. Let b be j(1). Let k(m) be the second derivative of m**4/12 + 2*m**2 - 7*m + 36. Give k(b).
20
Let t be (-6)/9 - (-51)/9. Suppose 0*m - m + t = 0. Let r = -6 + m. Let p(y) = -3*y. Determine p(r).
3
Suppose 14 = 3*h + 3*q - 4*q, 4*h = -3*q + 36. Let l(w) = -w + 4 - h + 0*w - 3. What is l(0)?
-5
Let g(f) = 10*f**2 + 2*f - 1. Let h = -34 - -51. Suppose -4*t + h - 45 = 0. Let k be 27/21 + 2/t. Determine g(k).
11
Let t(j) = -19*j**2 - 4*j**3 + 5*j + 13 + 5*j**3 + 4*j + 7*j**2 + 0*j**3. Give t(11).
-9
Let i(z) = -z + 2. Let d(m) = -m**3 - 22*m**2 + 23*m + 31. Let o be d(-23). Let x be (o - 29)/((-1)/(10/(-4))). Determine i(x).
-3
Let x(j) be the first derivative of 3*j**2/2 - 19*j + 383. What is x(6)?
-1
Let l(n) be the second derivative of 2/3*n**3 - 5*n + 2*n**2 + 0. Let y = 6 - 9. Give l(y).
-8
Let w(q) = -q**2 + 1. Let r(t) = t**3 - 3*t**2 + 2*t - 2. Suppose 2*b + 10 = 12*b. Let j(v) = b*w(v) + r(v). Calculate j(4).
7
Let n = -134 + 144. Let z(c) = -c**3 + 11*c**2 - 12*c + 19. Determine z(n).
-1
Suppose -2*c + 3*v - 31 = -0*v, -11 = 2*c + v. Let d = -24 - -35. Let n = c + d. Let k(p) = p**3 - 3*p**2 + p - 4. Determine k(n).
-1
Let o(d) = -2 + 3 + d**3 - 23*d - 71*d**2 + 66*d**2. Determine o(8).
9
Let z(b) be the first derivative of 3*b + 1 - 2/3*b**3 - 5/2*b**2. Calculate z(-4).
-9
Suppose 5*n + 2*p = 41, -n + 0*p + 10 = p. Let o = -11 + n. Let u(v) = v**2 + v - 1. What is u(o)?
11
Let v(c) be the second derivative of -5/2*c**2 + 1/6*c**3 + 8*c + 0. Give v(4).
-1
Let a(q) = -8*q - 5*q**2 + 2*q**2 + 2*q + 1 - q**3 + 4*q. Suppose 2*w + 4*v = w - 18, -4*w - 28 = 5*v. Let c be (3 - (5 - 2)) + w. Give a(c).
1
Let l(p) = -6*p**2 - 6*p + 7. Let h be l(1). Let j(f) = f**3 + 6*f**2 + 4*f. Determine j(h).
5
Let j(s) = -14*s - 12. Let i be -10*9/90 - (0 - 0). What is j(i)?
2
Let a(j) = -2*j - 1. Let m(v) = -4*v - 28. Let d be m(-5). Let r = -3 + 12. Let o = r + d. Give a(o).
-3
Let f be (4 - 8) + 2*-1. Let m(i) = -5*i**2 + 26*i - 14. Let w(g) = -3*g**2 + 5 + 2*g**2 + 3*g**2 - 9*g. Let p(s) = 3*m(s) + 8*w(s). Calculate p(f).
-2
Suppose 2*k + 353 = 5*p, 7*p - 365 = 2*p + 5*k. Let v = p - 64. Let l(f) = f**2 - 7*f + 7. What is l(v)?
-3
Let d(h) = -16*h**2 - h - 1. Let c = -81 - -71. Let v = c 